ousands digit of 364770?
3
What is the hundreds digit of 7990230?
2
What is the hundreds digit of 239811?
8
What is the units digit of 90046?
6
What is the units digit of 429060?
0
What is the units digit of 2452037?
7
What is the tens digit of 4192476?
7
What is the hundreds digit of 412879?
8
What is the thousands digit of 1014222?
4
What is the hundred thousands digit of 712847?
7
What is the thousands digit of 412973?
2
What is the millions digit of 27075468?
7
What is the millions digit of 1131238?
1
What is the thousands digit of 16519747?
9
What is the millions digit of 1680212?
1
What is the ten thousands digit of 279112?
7
What is the units digit of 4041978?
8
What is the tens digit of 226258?
5
What is the ten thousands digit of 3700612?
0
What is the hundred thousands digit of 12884247?
8
What is the tens digit of 4453434?
3
What is the tens digit of 236187?
8
What is the hundreds digit of 357230?
2
What is the hundred thousands digit of 451199?
4
What is the hundreds digit of 2914684?
6
What is the hundred thousands digit of 8985294?
9
What is the units digit of 4721139?
9
What is the ten thousands digit of 7999795?
9
What is the hundreds digit of 390024?
0
What is the tens digit of 18516298?
9
What is the ten thousands digit of 2653964?
5
What is the hundred thousands digit of 16360181?
3
What is the millions digit of 16519235?
6
What is the hundred thousands digit of 3769164?
7
What is the hundred thousands digit of 12864531?
8
What is the thousands digit of 81737?
1
What is the hundred thousands digit of 152022?
1
What is the hundreds digit of 221827?
8
What is the units digit of 5673?
3
What is the tens digit of 3862128?
2
What is the millions digit of 1127578?
1
What is the units digit of 2058175?
5
What is the millions digit of 1358354?
1
What is the hundred thousands digit of 2061540?
0
What is the ten thousands digit of 461955?
6
What is the ten thousands digit of 1480517?
8
What is the hundred thousands digit of 1688908?
6
What is the hundred thousands digit of 1342989?
3
What is the tens digit of 86276?
7
What is the ten thousands digit of 6450793?
5
What is the ten thousands digit of 1081955?
8
What is the thousands digit of 60965?
0
What is the units digit of 10097868?
8
What is the tens digit of 191119?
1
What is the tens digit of 1015657?
5
What is the thousands digit of 102562?
2
What is the tens digit of 233649?
4
What is the hundreds digit of 1618?
6
What is the thousands digit of 3043432?
3
What is the millions digit of 1456619?
1
What is the millions digit of 25486888?
5
What is the units digit of 333856?
6
What is the ten thousands digit of 597299?
9
What is the ten thousands digit of 1709974?
0
What is the hundred thousands digit of 1816732?
8
What is the hundreds digit of 1639686?
6
What is the thousands digit of 1017862?
7
What is the ten thousands digit of 390704?
9
What is the units digit of 25008744?
4
What is the thousands digit of 4360590?
0
What is the hundreds digit of 15678392?
3
What is the millions digit of 4955669?
4
What is the ten thousands digit of 1374482?
7
What is the hundreds digit of 9561269?
2
What is the units digit of 192311?
1
What is the hundred thousands digit of 7007756?
0
What is the hundred thousands digit of 26507164?
5
What is the hundred thousands digit of 696193?
6
What is the ten thousands digit of 831213?
3
What is the units digit of 2029884?
4
What is the hundred thousands digit of 118180?
1
What is the units digit of 360282?
2
What is the ten thousands digit of 672963?
7
What is the hundred thousands digit of 5602183?
6
What is the hundred thousands digit of 2644677?
6
What is the ten millions digit of 36602057?
3
What is the hundred thousands digit of 489250?
4
What is the hundreds digit of 34785?
7
What is the units digit of 10949186?
6
What is the ten thousands digit of 33851?
3
What is the hundred thousands digit of 705080?
7
What is the millions digit of 17402860?
7
What is the ten thousands digit of 223041?
2
What is the ten thousands digit of 15902487?
0
What is the tens digit of 112912?
1
What is the tens digit of 39378?
7
What is the thousands digit of 21077504?
7
What is the tens digit of 580418?
1
What is the ten thousands digit of 49231?
4
What is the tens digit of 2866823?
2
What is the units digit of 46753?
3
What is the tens digit of 6585669?
6
What is the hundreds digit of 1348463?
4
What is the tens digit of 923166?
6
What is the tens digit of 730076?
7
What is the hundred thousands digit of 199596?
1
What is the ten thousands digit of 2114152?
1
What is the thousands digit of 233163?
3
What is the thousands digit of 1823370?
3
What is the hundreds digit of 259828?
8
What is the ten thousands digit of 280529?
8
What is the thousands digit of 2670525?
0
What is the tens digit of 208329?
2
What is the hundreds digit of 5100238?
2
What is the ten thousands digit of 31779338?
7
What is the thousands digit of 8270935?
0
What is the hundreds digit of 143780?
7
What is the tens digit of 485496?
9
What is the tens digit of 4574600?
0
What is the tens digit of 1800197?
9
What is the thousands digit of 566185?
6
What is the tens digit of 627887?
8
What is the hundred thousands digit of 576835?
5
What is the hundred thousands digit of 414505?
4
What is the hundreds digit of 738604?
6
What is the units digit of 313215?
5
What is the thousands digit of 4280690?
0
What is the hundreds digit of 2348893?
8
What is the tens digit of 50618?
1
What is the tens digit of 837510?
1
What is the thousands digit of 23229652?
9
What is the ten thousands digit of 3682625?
8
What is the hundreds digit of 772544?
5
What is the tens digit of 2807881?
8
What is the tens digit of 432549?
4
What is the units digit of 10468233?
3
What is the hundreds digit of 1638922?
9
What is the thousands digit of 1531831?
1
What is the units digit of 5786687?
7
What is the millions digit of 9959230?
9
What is the hundred thousands digit of 1336664?
3
What is the millions digit of 5547032?
5
What is the hundreds digit of 56629?
6
What is the hundreds digit of 1510327?
3
What is the units digit of 34166857?
7
What is the hundred thousands digit of 877919?
8
What is the ten thousands digit of 74897?
7
What is the tens digit of 5666597?
9
What is the tens digit of 20615722?
2
What is the hundred thousands digit of 9365688?
3
What is the thousands digit of 159218?
9
What is the hundred thousands digit of 6663545?
6
What is the millions digit of 2963901?
2
What is the thousands digit of 514032?
4
What is the ten thousands digit of 6973116?
7
What is the hundreds digit of 8085036?
0
What is the ten thousands digit of 1629732?
2
What is the thousands digit of 4000219?
0
What is the tens digit of 267595?
9
What is the hundred thousands digit of 13889807?
8
What is the hundred thousands digit of 223181?
2
What is the tens digit of 167718?
1
What is the units digit of 54285?
5
What is the hundred thousands digit of 694089?
6
What is the units digit of 27563?
3
What is the ten thousands digit of 193017?
9
What is the units digit of 27329?
9
What is the tens digit of 2457050?
5
What is the hundred thousands digit of 339353?
3
What is the units digit of 14164007?
7
What is the ten thousands digit of 14659585?
5
What is the hundreds digit of 1308629?
6
What is the hundreds digit of 2746971?
9
What is the hundred thousands digit of 846415?
8
What is the tens digit of 611630?
3
What is the tens digit of 766258?
5
What is the ten thousands digit of 891988?
9
What is the hundreds digit of 224062?
0
What is the ten thousands digit of 673602?
7
What is the tens digit of 273655?
5
What is the ten thousands digit of 418232?
1
What is the thousands digit of 821033?
1
What is the millions digit of 13797651?
3
What is the units digit of 335844?
4
What is the tens digit of 73185?
8
What is the hundreds digit of 83593?
5
What is the millions digit of 6218751?
6
What is the thousands digit of 81162?
1
What is the millions digit of 4828049?
4
What is the ten thousands digit of 308072?
0
What is the ten thousands digit of 20333508?
3
What is the thousands digit of 769073?
9
What is the units digit of 2277744?
4
What is the units digit of 551521?
1
What is the hundreds digit of 20051046?
0
What is the hundreds digit of 6673208?
2